+ 14. What are the prime factors of r?
7
What are the prime factors of (-3)/(-3) + 0 + -2 + 150?
149
Let n = 43 + 89. What are the prime factors of n?
2, 3, 11
Let u = 246 - 103. List the prime factors of u.
11, 13
Suppose -5*g + 58 = 18. What are the prime factors of (-58)/(-4) - (-4)/g?
3, 5
Let z(o) = -5*o + 3. Suppose -v = -0*v + 3. List the prime factors of z(v).
2, 3
Let p be 1/(2*3/12). Suppose p = 2*m - m. Suppose -l - 4*c - 8 = 0, 21 + 1 = 4*l - m*c. What are the prime factors of l?
2
Let z(f) = -f + 8. Let p be z(-6). Suppose 2*j - p = -0*j. Suppose -4*q + 5 = 3*t, -t = -2*t + 4*q + j. List the prime factors of t.
3
Let a(v) = 2*v**2 + 8*v + 1. What are the prime factors of a(6)?
11
Let f = 98 + -39. List the prime factors of f.
59
Suppose 0 = -5*l - x + 4*x + 706, -4*x - 288 = -2*l. List the prime factors of l.
2, 5, 7
Suppose -3*x - 12 = 0, -u + 4*x + 19 = -0*u. What are the prime factors of (-9)/((-4)/4) - u?
2, 3
Let a(m) = -3*m + 51. List the prime factors of a(0).
3, 17
Suppose 180 = 2*i + 2*i. List the prime factors of i.
3, 5
What are the prime factors of 174/(-4)*((-5)/(-15) - 1)?
29
Let y(l) = 6*l**3 + 2*l**2 + 6*l - 2. Let n = 11 + -6. Let c(k) = 7*k**3 + k**2 + 6*k - 1. Let a(i) = n*c(i) - 6*y(i). What are the prime factors of a(-6)?
7
Let c = -34 - -23. What are the prime factors of (-2)/c - (-84)/22?
2
Let v = -71 - -111. List the prime factors of v.
2, 5
Let c(h) = h - 5. Let s be c(5). Suppose s = 3*o - 5*o + 14. List the prime factors of o.
7
Let q(k) = -k**2 - 6*k. Let j be q(-6). Suppose j*l + 16 = 4*l. List the prime factors of l.
2
Let p(u) = 2*u - 3*u + 2*u. Let f be p(0). Suppose t - 4 - 13 = f. What are the prime factors of t?
17
List the prime factors of 2850/(-12)*8/(-10).
2, 5, 19
Let a = 9 - 7. Suppose -11 = v - a*v. List the prime factors of v.
11
Suppose 0*r + 39 = r. What are the prime factors of r?
3, 13
Let v(h) = 3*h**3 - 16*h**2 - h + 5. List the prime factors of v(7).
3
Suppose 3*t - 5*i + 11 = 0, -2*t = -5*t + 2*i - 17. Let c(g) = -g**3 - 6*g**2 + 5*g + 5. What are the prime factors of c(t)?
19
Let c(j) = 5*j**2 - 3*j - 6. List the prime factors of c(-6).
2, 3
Suppose -3*x + 233 = -5*h, -x + 101 = -2*h + 5*h. What are the prime factors of x?
2, 43
What are the prime factors of (-7 - -13)*(-8)/(-6)?
2
Suppose 0*f = 2*f - 4. Suppose -f + 11 = r. List the prime factors of r.
3
Let d(m) = 15*m - 50. List the prime factors of d(15).
5, 7
Suppose -l - 160 = 3*l. Let r = -28 - l. List the prime factors of r.
2, 3
Suppose -630 = 4*t - 11*t. What are the prime factors of t?
2, 3, 5
Let l = -3 + 3. Let o(f) = -f**3 + 10*f**2 + 3*f - 9. Let t be o(10). Suppose 4*a - a - t = l. List the prime factors of a.
7
Let s = 8 + 173. What are the prime factors of s?
181
Suppose -3*m - 8 = s, s - 3*m - m = 6. Let q = 4 - s. Suppose -q = -k - k. What are the prime factors of k?
3
Suppose -3 - 6 = -l. Suppose -32 = 7*p - 4. Let h = l + p. List the prime factors of h.
5
Let l(s) be the third derivative of s**5/60 + s**4/3 + 3*s**3/2 + 2*s**2. Let k(w) = 2*w + 1. Let x be k(-4). What are the prime factors of l(x)?
2
Suppose -50 = -2*n - 2*f, 2*f - 5*f - 93 = -5*n. Suppose h - 4*h + n = 0. Let o = 2 + h. What are the prime factors of o?
3
Let c = 56 - 17. What are the prime factors of c?
3, 13
Let u be (9/6)/(2/(-12)). Let p = -5 - u. Suppose -5*f + 2*s + 30 = -f, -s - 35 = -p*f. What are the prime factors of f?
2, 5
Let y(g) = g**2 - 6*g. Let t be y(5). Let d = 7 + t. Suppose 21 = d*q + q. List the prime factors of q.
7
Suppose 4*k - 60 - 64 = 0. Suppose 4*c - k = 3*j, -2*c - 3*j = j - 10. List the prime factors of c.
7
What are the prime factors of ((-68)/(-8) + 0)*2?
17
Let d(m) be the first derivative of -m**4/4 - 4*m**3/3 + 7*m**2/2 - 5*m + 5. What are the prime factors of d(-6)?
5
Let l(k) be the second derivative of -k**3/2 + 4*k**2 - 3*k. Let t be l(6). What are the prime factors of -2*(-2 + t/4)?
3
Let c = 5 + -7. Let n(w) = -3*w. What are the prime factors of n(c)?
2, 3
List the prime factors of (-46)/(-4) - -1 - 5/10.
2, 3
Let v(c) be the first derivative of -c**3/6 + 3*c**2 - 2*c - 2. Let n(o) be the first derivative of v(o). What are the prime factors of n(0)?
2, 3
Let s(c) = 3*c**2 + c + 2. Let q be s(2). Suppose 0 = 2*n - 5*u - q, 4*n + 4*u + 3 = 35. Suppose -34 - n = -3*h. List the prime factors of h.
2, 7
Let j be 6/(2 + 1) + -2. Suppose -5*w - 15 = j, -t + 2*w + 3*w + 35 = 0. What are the prime factors of t?
2, 5
List the prime factors of 1*(-8)/(-20)*415.
2, 83
Let o(g) = 29*g - 7. List the prime factors of o(6).
167
Let g(q) = 3 - 4 + 20*q - 6*q. List the prime factors of g(1).
13
Let g(x) = 5*x - 3. Let k be g(2). Let a(h) = h + 11. Let n be a(-7). Suppose -u = 2*r - r - k, -r - n*u + 4 = 0. What are the prime factors of r?
2
Suppose -b = -3*b + 40. What are the prime factors of 8/b*(24 - -1)?
2, 5
Let d = -27 + 19. Let y(c) = -c + 2. List the prime factors of y(d).
2, 5
Suppose 4*r - 111 = -3*h, 3*h - 31 = 5*r + 53. List the prime factors of h.
3, 11
Suppose 3*w = 4*w. Suppose -4*s + 44 + 80 = w. Let x = s - 22. List the prime factors of x.
3
Suppose 4*p + 14 = -6. What are the prime factors of (6/p)/((-2)/30)?
2, 3
Suppose 3*q - 4*i = 49, 0 = -3*i + i - 8. What are the prime factors of q?
11
Let x be 14/6 + 2/3. Suppose 0*y - 153 = -x*y. What are the prime factors of y?
3, 17
Suppose f = -5*f + 1326. List the prime factors of f.
13, 17
Let g = -291 + 417. List the prime factors of g.
2, 3, 7
Suppose 8 = -4*h, -4*l - 3*h - 3 = -l. Let w be 1 - (3 - (2 - l)). Let z = w + 17. What are the prime factors of z?
2
Let y be ((-6)/5)/((-2)/5). Let c(s) = -2 + 5*s + 5 - s**2 + 0. What are the prime factors of c(y)?
3
Suppose -d = -4*g - 0*d + 252, -5*g + 318 = -2*d. List the prime factors of g.
2, 31
Let q be -6 - (4 + -3 + -5). What are the prime factors of (-6)/(-9)*(-117)/q?
3, 13
Suppose -4*n + 6*n - 54 = 0. What are the prime factors of n?
3
Let r be 6/(-2) + (2 - 2). Let g = r + 0. Let u = g - -16. List the prime factors of u.
13
Let y(d) = -d**3 - 7*d**2 + 12*d - 10. Let q(k) = -k**3 + 14*k**2 - 13*k - 9. Let c be q(13). List the prime factors of y(c).
2, 11
Let r = 13 - 13. List the prime factors of r - (-9*1 + 0).
3
Let a = -58 - -28. List the prime factors of 72/a*20/(-3).
2
What are the prime factors of ((-133)/(-38))/((-2)/(-28))?
7
Let m = 22 + 67. What are the prime factors of m?
89
Let f(p) = -10*p - 3. Let j be f(3). Let n = j - -60. List the prime factors of n.
3
Suppose -35 = -7*p + 6*p. List the prime factors of p.
5, 7
Let y be (12/8)/(2/148). Suppose -2*l = 6, -l - y + 40 = -4*h. List the prime factors of h.
17
Let o(b) = -b + 6. Let z be o(7). Let g(v) = v. Let k(p) = p**2 + 11*p + 1. Let l(x) = z*k(x) + 5*g(x). List the prime factors of l(-4).
7
Let h = 74 - 44. Suppose 5*q = -q + h. List the prime factors of q.
5
List the prime factors of 66/(-4)*4/(-6).
11
Suppose 2*l + 2 = -g, l + 3 = -0*l. Suppose -75 = -0*v - 3*v + u, 4*v = g*u + 100. What are the prime factors of v?
5
Let q be (99/(-6))/((-2)/4). List the prime factors of q + (0 - 2) + 3.
2, 17
Let s = 96 + -21. List the prime factors of s.
3, 5
Let i be (-10)/(-3)*(-27)/(-15). Suppose 0 = 2*f + 4*w + 4, -w + 23 = -4*f - i*w. List the prime factors of (f/(-10))/(14/245).
3, 7
Let o be 0 - ((-198)/2 - -3). Suppose -4*j + o = -0*j. List the prime factors of j.
2, 3
Let x(m) = 0*m**3 + m + m**3 + 1 - 3*m**3 + 5*m**3. What are the prime factors of x(2)?
3
Let v be ((-20)/(-15))/((-4)/(-6)). Suppose -3*u + 3*t + 45 = 0, 35 = v*u - 2*t + t. Suppose -4*i + u = i. What are the prime factors of i?
2
Suppose -2*h = -6*h + 220. What are the prime factors of h?
5, 11
Suppose -3*v - 3*l + 57 = 0, 33 = 3*v - 0*v - 3*l. List the prime factors of 6/v + 66/10.
7
Let o = 0 - 0. Let v = o - -5. Let m(h) = -h + 9. What are the prime factors of m(v)?
2
Let m(t) = 4 - t - 2*t**3 + 12 + 3*t**3. Let v be m(0). Suppose 0 = -j - j + v. List the prime factors of j.
2
What are the prime factors of 172/3 + 62/93?
2, 29
Let l = 23 - -13. List the prime factors of l.
2, 3
Let x = 297 + -189. List the prime factors of x.
2, 3
Suppose -4*r = s - 53, -2*s + 3*r = 3*s - 242. List the prime factors of s.
7
Suppose -x - 4*x = -30. What are the prime factors of (8/